233519670?
2
What is the tens digit of 1059364692?
9
What is the ten millions digit of 312802286?
1
What is the hundreds digit of 449943183?
1
What is the tens digit of 637839485?
8
What is the millions digit of 3030050?
3
What is the units digit of 19646276?
6
What is the hundreds digit of 176475215?
2
What is the hundred thousands digit of 7780097?
7
What is the thousands digit of 38624460?
4
What is the units digit of 288906030?
0
What is the millions digit of 367445856?
7
What is the tens digit of 29642376?
7
What is the ten millions digit of 484360628?
8
What is the ten millions digit of 3779633893?
7
What is the hundreds digit of 2743538493?
4
What is the billions digit of 3994922591?
3
What is the tens digit of 24689527?
2
What is the hundred thousands digit of 375622821?
6
What is the thousands digit of 111213007?
3
What is the units digit of 1002098736?
6
What is the hundreds digit of 1950975945?
9
What is the hundreds digit of 459903181?
1
What is the ten millions digit of 208940528?
0
What is the units digit of 684491422?
2
What is the ten thousands digit of 8420168?
2
What is the ten thousands digit of 639853962?
5
What is the ten millions digit of 35486014?
3
What is the thousands digit of 58287598?
7
What is the ten thousands digit of 83062770?
6
What is the ten thousands digit of 12235208?
3
What is the hundred millions digit of 268889773?
2
What is the tens digit of 3745391444?
4
What is the hundreds digit of 156889661?
6
What is the units digit of 42848587?
7
What is the tens digit of 3403455303?
0
What is the units digit of 59317773?
3
What is the hundred millions digit of 237736892?
2
What is the units digit of 434879020?
0
What is the hundreds digit of 55989349?
3
What is the hundreds digit of 249163771?
7
What is the ten millions digit of 229383052?
2
What is the units digit of 371503915?
5
What is the ten thousands digit of 197818765?
1
What is the ten thousands digit of 61878686?
7
What is the thousands digit of 370789526?
9
What is the hundreds digit of 440417608?
6
What is the millions digit of 23021271?
3
What is the millions digit of 257248829?
7
What is the tens digit of 26034616?
1
What is the hundred millions digit of 141570617?
1
What is the hundred thousands digit of 18483313?
4
What is the hundred thousands digit of 810920108?
9
What is the hundred thousands digit of 368960870?
9
What is the ten thousands digit of 3809146096?
4
What is the hundreds digit of 96915168?
1
What is the hundred thousands digit of 116253336?
2
What is the ten thousands digit of 1274293338?
9
What is the tens digit of 69058497?
9
What is the thousands digit of 47583748?
3
What is the hundreds digit of 536747424?
4
What is the ten thousands digit of 527142149?
4
What is the hundred thousands digit of 12685982?
6
What is the thousands digit of 1144914055?
4
What is the hundreds digit of 17139748?
7
What is the tens digit of 248203449?
4
What is the billions digit of 2026217087?
2
What is the hundred thousands digit of 379600861?
6
What is the tens digit of 100822522?
2
What is the thousands digit of 105901940?
1
What is the units digit of 2502839299?
9
What is the units digit of 99638373?
3
What is the hundred thousands digit of 1558083708?
0
What is the ten thousands digit of 12767304?
6
What is the ten thousands digit of 244612884?
1
What is the units digit of 128660023?
3
What is the millions digit of 49644642?
9
What is the ten thousands digit of 1722635957?
3
What is the hundred thousands digit of 42277955?
2
What is the thousands digit of 100291033?
1
What is the tens digit of 87920577?
7
What is the hundred millions digit of 282090377?
2
What is the hundred thousands digit of 2017582934?
5
What is the ten millions digit of 8727212010?
2
What is the units digit of 246077103?
3
What is the thousands digit of 68826482?
6
What is the millions digit of 3996623?
3
What is the hundreds digit of 95104720?
7
What is the thousands digit of 184280526?
0
What is the hundred millions digit of 145264477?
1
What is the hundred millions digit of 1404921854?
4
What is the units digit of 907085?
5
What is the units digit of 4051831262?
2
What is the hundreds digit of 71554099?
0
What is the millions digit of 1074242330?
4
What is the millions digit of 65834226?
5
What is the tens digit of 34464414?
1
What is the thousands digit of 359121989?
1
What is the ten millions digit of 127706599?
2
What is the ten thousands digit of 67142840?
4
What is the units digit of 3491679?
9
What is the hundreds digit of 38316561?
5
What is the units digit of 49398146?
6
What is the ten thousands digit of 56935383?
3
What is the ten thousands digit of 8145272?
4
What is the tens digit of 40510995?
9
What is the hundreds digit of 151416524?
5
What is the millions digit of 39351199?
9
What is the millions digit of 2522073806?
2
What is the tens digit of 3204783936?
3
What is the ten millions digit of 4145749562?
4
What is the hundreds digit of 511137681?
6
What is the hundreds digit of 842087095?
0
What is the ten thousands digit of 429874159?
7
What is the hundred thousands digit of 110514961?
5
What is the units digit of 138576948?
8
What is the hundred millions digit of 170662969?
1
What is the thousands digit of 10623951?
3
What is the ten millions digit of 64329441?
6
What is the hundreds digit of 597696575?
5
What is the units digit of 332516466?
6
What is the ten millions digit of 42083045?
4
What is the hundreds digit of 561778557?
5
What is the thousands digit of 2054118905?
8
What is the millions digit of 38097619?
8
What is the thousands digit of 1980769170?
9
What is the hundred thousands digit of 1110138963?
1
What is the ten thousands digit of 58930890?
3
What is the ten thousands digit of 1877412637?
1
What is the units digit of 59779611?
1
What is the ten thousands digit of 728300427?
0
What is the hundred thousands digit of 45861718?
8
What is the millions digit of 64756606?
4
What is the ten thousands digit of 124941020?
4
What is the tens digit of 83818825?
2
What is the hundreds digit of 53152564?
5
What is the thousands digit of 94512726?
2
What is the hundred thousands digit of 1099936889?
9
What is the units digit of 1144615534?
4
What is the millions digit of 407829429?
7
What is the millions digit of 224108908?
4
What is the tens digit of 4044775003?
0
What is the hundreds digit of 394745397?
3
What is the units digit of 280343349?
9
What is the ten thousands digit of 422521142?
2
What is the units digit of 53584597?
7
What is the tens digit of 35360694?
9
What is the hundreds digit of 421879436?
4
What is the units digit of 1036362094?
4
What is the ten millions digit of 32666412?
3
What is the ten thousands digit of 49813410?
1
What is the units digit of 5438281126?
6
What is the units digit of 584283?
3
What is the millions digit of 5717867209?
7
What is the ten thousands digit of 4559386117?
8
What is the ten millions digit of 179808750?
7
What is the tens digit of 370393369?
6
What is the tens digit of 1109364819?
1
What is the ten thousands digit of 814189828?
8
What is the ten millions digit of 1662824758?
6
What is the thousands digit of 1134908843?
8
What is the hundred thousands digit of 46209866?
2
What is the millions digit of 3779010933?
9
What is the thousands digit of 115063697?
3
What is the hundred thousands digit of 51651331?
6
What is the hundred millions digit of 127211685?
1
What is the ten millions digit of 1895808646?
9
What is the hundreds digit of 112408562?
5
What is the hundred thousands digit of 2534615516?
6
What is the millions digit of 900178748?
0
What is the units digit of 1224568080?
0
What is the hundreds digit of 130348749?
7
What is the units digit of 453034434?
4
What is the ten millions digit of 49486469?
4
What is the hundred thousands digit of 751851570?
8
What is the billions digit of 1570553537?
1
What is the units digit of 790973504?
4
What is the hundred thousands digit of 10156894?
1
What is the ten thousands digit of 86221702?
2
What is the millions digit of 36941891?
6
What is the hundreds digit of 8286065391?
3
What is the ten thousands digit of 98741627?
4
What is the hundreds digit of 83494971?
9
What is the tens digit of 736087474?
7
What is the hundred millions digit of 460115448?
4
What